{"id":776,"date":"2019-04-25T00:41:09","date_gmt":"2019-04-24T22:41:09","guid":{"rendered":"https:\/\/www.brustkrebs-selbsthilfe-mc.de\/?page_id=776"},"modified":"2024-09-17T14:52:45","modified_gmt":"2024-09-17T12:52:45","slug":"mchens-stirnbandchic-co","status":"publish","type":"page","link":"https:\/\/www.brustkrebs-selbsthilfe-mc.de\/index.php\/mchens-stirnbandchic-co\/","title":{"rendered":"Mchens StirnbandChic &#038; Co."},"content":{"rendered":"<div class=\"wpb-content-wrapper\"><p>[vc_row][vc_column][vc_empty_space height=&#8220;100px&#8220;][vc_single_image image=&#8220;1712&#8243; img_size=&#8220;large&#8220; alignment=&#8220;center&#8220;][vc_empty_space height=&#8220;100px&#8220;][\/vc_column][\/vc_row][vc_row][vc_column width=&#8220;1\/4&#8243;][vc_single_image image=&#8220;1720&#8243; img_size=&#8220;large&#8220; alignment=&#8220;center&#8220; style=&#8220;vc_box_shadow_3d&#8220;][\/vc_column][vc_column width=&#8220;3\/4&#8243;][vc_empty_space height=&#8220;100px&#8220;][vc_column_text]<\/p>\n<p style=\"padding-left: 40px;\">Unsere Marianne n\u00e4ht mit viel Kreativit\u00e4t und Leidenschaft:<\/p>\n<p>&nbsp;<\/p>\n<p style=\"padding-left: 40px;\"><em>Ihre\u00a0 Stirnb\u00e4nder mit Chic aus Walkwolle halten warm und sind gleichzeitig\u00a0<\/em><em>ein ganz besonderes Schmuckst\u00fcck.<\/em><\/p>\n<p style=\"padding-left: 40px;\"><em>Durch die vielf\u00e4ltigen Farben sind sie eine Zier f\u00fcr jeden Typ. Jedes Band ist ein Unikat. <\/em><\/p>\n<p style=\"padding-left: 40px;\"><em>Es ist zweifarbig und kann von beiden Seiten getragen werden.<\/em><\/p>\n<p style=\"padding-left: 40px;\"><em>Die ausgefallene Brosche erm\u00f6glicht es, das Stirnband f\u00fcr jede Gr\u00f6\u00dfe optimal anzupassen <\/em><em>und l\u00e4sst sich somit auch in einen Schalkragen verwandeln.<\/em><\/p>\n<p style=\"padding-left: 40px;\"><em>Passende Armstulpen, H\u00fcftschmeichler und vieles mehr sind als Accessoires zu haben.<\/em><\/p>\n<p style=\"padding-left: 40px;\">[\/vc_column_text][\/vc_column][\/vc_row][vc_row][vc_column width=&#8220;1\/2&#8243;][vc_empty_space height=&#8220;100px&#8220;][vc_empty_space height=&#8220;100px&#8220;][vc_single_image image=&#8220;1721&#8243; img_size=&#8220;large&#8220; alignment=&#8220;center&#8220; style=&#8220;vc_box_shadow_3d&#8220;][vc_empty_space height=&#8220;100px&#8220;][\/vc_column][vc_column width=&#8220;1\/2&#8243;][vc_single_image image=&#8220;1718&#8243; img_size=&#8220;large&#8220;][\/vc_column][\/vc_row][vc_row][vc_column width=&#8220;1\/2&#8243;][vc_column_text]<\/p>\n<p style=\"text-align: left; padding-left: 120px;\">Der <span style=\"color: #ff00ff;\"><strong><a style=\"color: #ff00ff;\" href=\"https:\/\/www.brustkrebs-selbsthilfe-mc.de\/index.php\/kontakt\/\">Kontakt<\/a><\/strong> <\/span>ist \u00fcber <span style=\"font-family: Annie Use Your Telescope; font-size: 20px;\"><span style=\"color: #00ad8a;\"><strong>mamma CAMPY<\/strong><\/span><\/span> m\u00f6glich:<\/p>\n<p style=\"text-align: left; padding-left: 120px;\"><strong>Telefon<\/strong>\u00a0 \u00a0 \u00a0 \u00a0 \u00a0 \u00a0 \u00a0 \u00a00170 \u2013 289 02 97<br \/>\n<strong>E-Mail<\/strong>\u00a0 \u00a0 \u00a0 \u00a0 \u00a0 \u00a0 \u00a0 \u00a0 \u00a0mamma.campy@gmail.com<\/p>\n<p style=\"text-align: left; padding-left: 120px;\">\n<h3 style=\"text-align: left; padding-left: 120px;\"><span style=\"color: #00ad8a;\"><strong>Wir w\u00fcrden uns freuen!<\/strong><\/span><\/h3>\n<p>[\/vc_column_text][vc_empty_space height=&#8220;100px&#8220;][\/vc_column][vc_column width=&#8220;1\/2&#8243;][\/vc_column][\/vc_row][vc_row][vc_column][vc_empty_space height=&#8220;100px&#8220;][vc_gallery type=&#8220;image_grid&#8220; images=&#8220;1738,1743,1744,1716,1737,1742,1739,1740,1741,398&#8243; img_size=&#8220;medium&#8220; css=&#8220;.vc_custom_1726577494667{background-color: #dbe5f1 !important;background-position: center !important;background-repeat: no-repeat !important;background-size: cover !important;border-radius: 5px !important;}&#8220;][vc_empty_space height=&#8220;150px&#8220;][vc_separator color=&#8220;custom&#8220; style=&#8220;shadow&#8220; accent_color=&#8220;#bfbfbf&#8220;][vc_empty_space height=&#8220;100px&#8220;][vc_column_text]<\/p>\n<h2><span style=\"color: #1ca1d8;\"><span style=\"color: #b51010;\"><strong>M&#8217;chens StirnbandChic im <\/strong><\/span><a href=\"http:\/\/weltladen-nuembrecht.de\/\"><img loading=\"lazy\" decoding=\"async\" class=\"alignnone size-medium wp-image-1733\" src=\"https:\/\/www.brustkrebs-selbsthilfe-mc.de\/wp-content\/uploads\/2020\/12\/XX021-300x75.jpg\" alt=\"\" width=\"300\" height=\"75\" srcset=\"https:\/\/www.brustkrebs-selbsthilfe-mc.de\/wp-content\/uploads\/2020\/12\/XX021-300x75.jpg 300w, https:\/\/www.brustkrebs-selbsthilfe-mc.de\/wp-content\/uploads\/2020\/12\/XX021-768x191.jpg 768w, https:\/\/www.brustkrebs-selbsthilfe-mc.de\/wp-content\/uploads\/2020\/12\/XX021.jpg 936w\" sizes=\"auto, (max-width: 300px) 100vw, 300px\" \/><\/a><\/span><\/h2>\n<p>[\/vc_column_text][vc_empty_space][vc_column_text]Als Ersatz f\u00fcr die Weihnachtsm\u00e4rkte pr\u00e4sentierte Marianne ihre Kreationen <a href=\"http:\/\/www.weltladen-nuembrecht.de\/\"><span style=\"color: #b51010;\"><strong>hier<\/strong> <\/span><\/a>vom<\/p>\n<p>&nbsp;<\/p>\n<h3 style=\"padding-left: 80px;\"><span style=\"color: #b51010;\"><strong>15. &#8211; 23. <span style=\"color: #b51010;\">Dezember<\/span> 2020<\/strong><\/span><\/h3>\n<p>&nbsp;<\/p>\n<p><strong>Eine-Welt-Laden<\/strong><\/p>\n<p>Hauptstra\u00dfe 16<br \/>\n51588 N\u00fcmbrecht<\/p>\n<p>(auf der R\u00fcckseite des Rathauses)<\/p>\n<p>&nbsp;<\/p>\n<p>&nbsp;<\/p>\n<p>&nbsp;[\/vc_column_text][vc_empty_space][\/vc_column][vc_column][\/vc_column][\/vc_row][vc_row][vc_column][vc_empty_space height=&#8220;150px&#8220;][vc_separator color=&#8220;custom&#8220; style=&#8220;shadow&#8220; accent_color=&#8220;#bfbfbf&#8220;][vc_empty_space height=&#8220;100px&#8220;][vc_column_text]<\/p>\n<h2><span style=\"color: #339966;\"><strong>M&#8217;chens StirnbandChic im<\/strong><\/span> <a href=\"http:\/\/www.rehaservice-heiden.de\/\"><img loading=\"lazy\" decoding=\"async\" class=\"alignnone size-medium wp-image-1235\" src=\"https:\/\/www.brustkrebs-selbsthilfe-mc.de\/wp-content\/uploads\/2020\/04\/XX013-300x91.jpg\" alt=\"\" width=\"300\" height=\"91\" srcset=\"https:\/\/www.brustkrebs-selbsthilfe-mc.de\/wp-content\/uploads\/2020\/04\/XX013-300x91.jpg 300w, https:\/\/www.brustkrebs-selbsthilfe-mc.de\/wp-content\/uploads\/2020\/04\/XX013.jpg 387w\" sizes=\"auto, (max-width: 300px) 100vw, 300px\" \/><\/a><\/h2>\n<p>[\/vc_column_text][vc_empty_space][vc_column_text]Vom November 2020 bis zum Fr\u00fchjahr 2021 konnte man Mariannes Kreationen im <strong><a href=\"http:\/\/www.rehaservice-heiden.de\/\">Sanit\u00e4tshaus der B\u00e4renapotheke<\/a><\/strong> in N\u00fcmbrecht bewundern, anfassen und ausprobieren.<\/p>\n<p>&nbsp;<\/p>\n<p>&nbsp;<\/p>\n<p><strong>Das Sanit\u00e4tshaus der B\u00e4ren Apotheken<\/strong><\/p>\n<p><span style=\"font-size: 16px;\">Otto-Kaufmann-Stra\u00dfe 11<br \/>\n<\/span><span style=\"font-size: 16px;\">51588 N\u00fcmbrecht<\/span><\/p>\n<p>&nbsp;<\/p>\n<p>&nbsp;[\/vc_column_text][vc_empty_space][vc_single_image image=&#8220;1713&#8243; img_size=&#8220;large&#8220; style=&#8220;vc_box_shadow_border&#8220;][\/vc_column][vc_column][vc_empty_space height=&#8220;150px&#8220;][\/vc_column][\/vc_row]<\/p>\n<\/div>","protected":false},"excerpt":{"rendered":"<p>[vc_row][vc_column][vc_empty_space height=&#8220;100px&#8220;][vc_single_image image=&#8220;1712&#8243; img_size=&#8220;large&#8220; alignment=&#8220;center&#8220;][vc_empty_space height=&#8220;100px&#8220;][\/vc_column][\/vc_row][vc_row][vc_column width=&#8220;1\/4&#8243;][vc_single_image image=&#8220;1720&#8243; img_size=&#8220;large&#8220; alignment=&#8220;center&#8220; style=&#8220;vc_box_shadow_3d&#8220;][\/vc_column][vc_column width=&#8220;3\/4&#8243;][vc_empty_space height=&#8220;100px&#8220;][vc_column_text] Unsere Marianne n\u00e4ht mit viel Kreativit\u00e4t und Leidenschaft: &nbsp; Ihre\u00a0 Stirnb\u00e4nder mit Chic aus Walkwolle halten warm und sind gleichzeitig\u00a0ein ganz besonderes Schmuckst\u00fcck. Durch die vielf\u00e4ltigen Farben sind sie eine Zier f\u00fcr jeden Typ. Jedes Band ist ein Unikat. Es ist zweifarbig [&hellip;]<\/p>\n","protected":false},"author":3,"featured_media":0,"parent":0,"menu_order":0,"comment_status":"closed","ping_status":"closed","template":"","meta":{"site-sidebar-layout":"no-sidebar","site-content-layout":"plain-container","ast-site-content-layout":"default","site-content-style":"default","site-sidebar-style":"default","ast-global-header-display":"","ast-banner-title-visibility":"","ast-main-header-display":"","ast-hfb-above-header-display":"","ast-hfb-below-header-display":"","ast-hfb-mobile-header-display":"","site-post-title":"disabled","ast-breadcrumbs-content":"","ast-featured-img":"","footer-sml-layout":"","ast-disable-related-posts":"","theme-transparent-header-meta":"default","adv-header-id-meta":"","stick-header-meta":"","header-above-stick-meta":"","header-main-stick-meta":"","header-below-stick-meta":"","astra-migrate-meta-layouts":"default","ast-page-background-enabled":"default","ast-page-background-meta":{"desktop":{"background-color":"","background-image":"","background-repeat":"repeat","background-position":"center center","background-size":"auto","background-attachment":"scroll","background-type":"","background-media":"","overlay-type":"","overlay-color":"","overlay-opacity":"","overlay-gradient":""},"tablet":{"background-color":"","background-image":"","background-repeat":"repeat","background-position":"center center","background-size":"auto","background-attachment":"scroll","background-type":"","background-media":"","overlay-type":"","overlay-color":"","overlay-opacity":"","overlay-gradient":""},"mobile":{"background-color":"","background-image":"","background-repeat":"repeat","background-position":"center center","background-size":"auto","background-attachment":"scroll","background-type":"","background-media":"","overlay-type":"","overlay-color":"","overlay-opacity":"","overlay-gradient":""}},"ast-content-background-meta":{"desktop":{"background-color":"var(--ast-global-color-5)","background-image":"","background-repeat":"repeat","background-position":"center center","background-size":"auto","background-attachment":"scroll","background-type":"","background-media":"","overlay-type":"","overlay-color":"","overlay-opacity":"","overlay-gradient":""},"tablet":{"background-color":"var(--ast-global-color-5)","background-image":"","background-repeat":"repeat","background-position":"center center","background-size":"auto","background-attachment":"scroll","background-type":"","background-media":"","overlay-type":"","overlay-color":"","overlay-opacity":"","overlay-gradient":""},"mobile":{"background-color":"var(--ast-global-color-5)","background-image":"","background-repeat":"repeat","background-position":"center center","background-size":"auto","background-attachment":"scroll","background-type":"","background-media":"","overlay-type":"","overlay-color":"","overlay-opacity":"","overlay-gradient":""}},"footnotes":""},"class_list":["post-776","page","type-page","status-publish","hentry"],"aioseo_notices":[],"_links":{"self":[{"href":"https:\/\/www.brustkrebs-selbsthilfe-mc.de\/index.php\/wp-json\/wp\/v2\/pages\/776","targetHints":{"allow":["GET"]}}],"collection":[{"href":"https:\/\/www.brustkrebs-selbsthilfe-mc.de\/index.php\/wp-json\/wp\/v2\/pages"}],"about":[{"href":"https:\/\/www.brustkrebs-selbsthilfe-mc.de\/index.php\/wp-json\/wp\/v2\/types\/page"}],"author":[{"embeddable":true,"href":"https:\/\/www.brustkrebs-selbsthilfe-mc.de\/index.php\/wp-json\/wp\/v2\/users\/3"}],"replies":[{"embeddable":true,"href":"https:\/\/www.brustkrebs-selbsthilfe-mc.de\/index.php\/wp-json\/wp\/v2\/comments?post=776"}],"version-history":[{"count":46,"href":"https:\/\/www.brustkrebs-selbsthilfe-mc.de\/index.php\/wp-json\/wp\/v2\/pages\/776\/revisions"}],"predecessor-version":[{"id":4431,"href":"https:\/\/www.brustkrebs-selbsthilfe-mc.de\/index.php\/wp-json\/wp\/v2\/pages\/776\/revisions\/4431"}],"wp:attachment":[{"href":"https:\/\/www.brustkrebs-selbsthilfe-mc.de\/index.php\/wp-json\/wp\/v2\/media?parent=776"}],"curies":[{"name":"wp","href":"https:\/\/api.w.org\/{rel}","templated":true}]}}