{"id":636,"date":"2020-12-08T00:29:31","date_gmt":"2020-12-07T23:29:31","guid":{"rendered":"https:\/\/www.brustkrebs-selbsthilfe-mc.de\/?page_id=636"},"modified":"2024-01-02T23:53:13","modified_gmt":"2024-01-02T22:53:13","slug":"unsere-geschichte","status":"publish","type":"page","link":"https:\/\/www.brustkrebs-selbsthilfe-mc.de\/index.php\/unsere-geschichte\/","title":{"rendered":"Unsere Geschichte"},"content":{"rendered":"<div class=\"wpb-content-wrapper\"><p>[vc_row][vc_column][vc_empty_space][\/vc_column][\/vc_row][vc_row][vc_column width=&#8220;1\/4&#8243;][vc_column_text]<\/p>\n<p style=\"text-align: right;\">15. Oktober 2023<\/p>\n<p>[\/vc_column_text][\/vc_column][vc_column width=&#8220;3\/4&#8243;][vc_column_text]<\/p>\n<p style=\"text-align: left;\">Tag der offenen T\u00fcr: <span style=\"color: #00ad8a; font-family: Annie use your telescope; font-size: 18px;\"><strong>mamma CAMPY<\/strong><\/span>\u00a0 feiert f\u00fcnfj\u00e4hriges <span style=\"font-size: 16px; font-style: normal; font-weight: 400;\">Jubil\u00e4um.<\/span><\/p>\n<p>[\/vc_column_text][vc_single_image image=&#8220;3636&#8243; img_size=&#8220;420&#215;600&#8243; style=&#8220;vc_box_shadow_border&#8220; onclick=&#8220;custom_link&#8220; link=&#8220;https:\/\/www.brustkrebs-selbsthilfe-mc.de\/index.php\/jahresfeier5jubi\/&#8220;][\/vc_column][\/vc_row][vc_row][vc_column width=&#8220;1\/4&#8243;][vc_column_text]<\/p>\n<p style=\"text-align: right;\">Juli 2022<\/p>\n<p>[\/vc_column_text][\/vc_column][vc_column width=&#8220;3\/4&#8243;][vc_column_text]<\/p>\n<p style=\"text-align: left;\">Unser Team-Mitglied Heidi verl\u00e4sst uns leider.<\/p>\n<p>[\/vc_column_text][vc_single_image image=&#8220;1490&#8243; img_size=&#8220;150&#215;200&#8243; style=&#8220;vc_box_shadow_border_circle&#8220;][\/vc_column][\/vc_row][vc_row][vc_column width=&#8220;1\/4&#8243;][vc_column_text]<\/p>\n<p style=\"text-align: right;\">7. M\u00e4rz 2022<\/p>\n<p>[\/vc_column_text][\/vc_column][vc_column width=&#8220;3\/4&#8243;][vc_column_text]Erstes Selbsthilfegruppen-Treffen in Pr\u00e4senz im Jahr 2022.[\/vc_column_text][\/vc_column][\/vc_row][vc_row][vc_column width=&#8220;1\/4&#8243;][vc_column_text]<\/p>\n<p style=\"text-align: right;\">7. Februar 2022<\/p>\n<p>[\/vc_column_text][\/vc_column][vc_column width=&#8220;3\/4&#8243;][vc_column_text]Die Selbsthilfegruppen-Treffen finden wieder \u00fcber Videokonferenz statt.[\/vc_column_text][\/vc_column][\/vc_row][vc_row][vc_column width=&#8220;1\/4&#8243;][vc_column_text]<\/p>\n<p style=\"text-align: right;\">13.-17. Dezembber 2021<\/p>\n<p>[\/vc_column_text][\/vc_column][vc_column width=&#8220;3\/4&#8243;][vc_column_text]Pr\u00e4sentation <span style=\"color: #00ad8a; font-family: Annie use your telescope; font-size: 18px;\"><strong> mamma CAMPY<\/strong><\/span>\u00a0 im Fliesenladen Kippschull Fliesen &amp; Naturstein in N\u00fcmbrecht-Gr\u00f6tzenberg[\/vc_column_text][\/vc_column][\/vc_row][vc_row][vc_column width=&#8220;1\/4&#8243;][vc_column_text]<\/p>\n<p style=\"text-align: right;\">29.11.-3. Dezembber 2021<\/p>\n<p>[\/vc_column_text][\/vc_column][vc_column width=&#8220;3\/4&#8243;][vc_column_text]Pr\u00e4sentation <span style=\"color: #00ad8a; font-family: Annie use your telescope; font-size: 18px;\"><strong> mamma CAMPY<\/strong><\/span>\u00a0 im Eine-Welt-Laden in N\u00fcmbrecht[\/vc_column_text][\/vc_column][\/vc_row][vc_row][vc_column width=&#8220;1\/4&#8243;][vc_column_text]<\/p>\n<p style=\"text-align: right;\">21. Oktober 2021<\/p>\n<p>[\/vc_column_text][\/vc_column][vc_column width=&#8220;3\/4&#8243;][vc_column_text]<\/p>\n<p style=\"text-align: left;\">Unser F\u00f6rderverein hat einen neuen Namen und hei\u00dft jetzt:<\/p>\n<h4><a href=\"https:\/\/www.brustkrebs-selbsthilfe-mc.de\/index.php\/foerderverein\/\"><strong><span style=\"color: #00ad8a;\">F\u00f6rderverein mC f\u00fcr Brustkrebshilfe e.V.<\/span><\/strong><\/a><\/h4>\n<p>[\/vc_column_text][vc_single_image image=&#8220;2763&#8243; img_size=&#8220;medium&#8220;][\/vc_column][\/vc_row][vc_row][vc_column width=&#8220;1\/4&#8243;][vc_column_text]<\/p>\n<p style=\"text-align: right;\">2.\/3. Oktober 2021<\/p>\n<p>[\/vc_column_text][\/vc_column][vc_column width=&#8220;3\/4&#8243;][vc_column_text]Pr\u00e4sentation <span style=\"color: #00ad8a; font-family: Annie use your telescope; font-size: 18px;\"><strong> mamma CAMPY<\/strong><\/span> auf dem Herbstmarkt auf Schloss Eulenbroich in R\u00f6srath[\/vc_column_text][\/vc_column][\/vc_row][vc_row][vc_column width=&#8220;1\/4&#8243;][vc_column_text]<\/p>\n<p style=\"text-align: right;\">\u00a0seit 5. Juli 2021<\/p>\n<p>[\/vc_column_text][\/vc_column][vc_column width=&#8220;3\/4&#8243;][vc_column_text]<span style=\"color: #00ad8a; font-family: Annie use your telescope; font-size: 18px;\"><strong>mamma CAMPY<\/strong><\/span>\u00a0 trifft sich wieder in Pr\u00e4senz.[\/vc_column_text][\/vc_column][\/vc_row][vc_row][vc_column width=&#8220;1\/4&#8243;][vc_column_text]<\/p>\n<p style=\"text-align: right;\">3. Mai 2021<\/p>\n<p>[\/vc_column_text][\/vc_column][vc_column width=&#8220;3\/4&#8243;][vc_column_text]Erstes Selbsthilfegruppen-Treffen mit Referentin \u00fcber Videokonferenz[\/vc_column_text][\/vc_column][\/vc_row][vc_row][vc_column width=&#8220;1\/4&#8243;][vc_column_text]<\/p>\n<p style=\"text-align: right;\">15.-23. Dezembber 2020<\/p>\n<p>[\/vc_column_text][\/vc_column][vc_column width=&#8220;3\/4&#8243;][vc_column_text]Pr\u00e4sentation <span style=\"color: #00ad8a; font-family: Annie use your telescope; font-size: 18px;\"><strong> mamma CAMPY<\/strong><\/span>\u00a0 im Eine-Welt-Laden in N\u00fcmbrecht[\/vc_column_text][\/vc_column][\/vc_row][vc_row][vc_column width=&#8220;1\/4&#8243;][vc_column_text]<\/p>\n<p style=\"text-align: right;\">2. November 2020<\/p>\n<p>[\/vc_column_text][\/vc_column][vc_column width=&#8220;3\/4&#8243;][vc_column_text]Die Selbsthilfegruppen-Treffen finden wieder \u00fcber Videokonferenz statt.[\/vc_column_text][\/vc_column][\/vc_row][vc_row][vc_column width=&#8220;1\/4&#8243;][vc_column_text]<\/p>\n<p style=\"text-align: right;\">3.\/4. Oktober 2020<\/p>\n<p>[\/vc_column_text][\/vc_column][vc_column width=&#8220;3\/4&#8243;][vc_column_text]Pr\u00e4sentation <span style=\"color: #00ad8a; font-family: Annie use your telescope; font-size: 18px;\"><strong> mamma CAMPY<\/strong><\/span>\u00a0 auf dem Herbstmarkt auf Schloss Eulenbroich in R\u00f6srath[\/vc_column_text][\/vc_column][\/vc_row][vc_row][vc_column width=&#8220;1\/4&#8243;][vc_column_text]<\/p>\n<p style=\"text-align: right;\">8. Juni 2020<\/p>\n<p>[\/vc_column_text][\/vc_column][vc_column width=&#8220;3\/4&#8243;][vc_column_text]Wiedersehenstreffen nach der Corona-Pause in der Sparkasse N\u00fcmbrecht[\/vc_column_text][\/vc_column][\/vc_row][vc_row][vc_column width=&#8220;1\/4&#8243;][vc_column_text]<\/p>\n<p style=\"text-align: right;\">11. Mai 2020<\/p>\n<p>[\/vc_column_text][\/vc_column][vc_column width=&#8220;3\/4&#8243;][vc_column_text]<\/p>\n<p style=\"text-align: left;\">Gro\u00dfes Selbsthilfegruppen-Treffen \u00fcber Videokonferenz<\/p>\n<p>[\/vc_column_text][\/vc_column][\/vc_row][vc_row][vc_column width=&#8220;1\/4&#8243;][vc_column_text]<\/p>\n<p style=\"text-align: right;\">2. M\u00e4rz\/6. April\/<\/p>\n<p style=\"text-align: right;\">4. Mai 2020<\/p>\n<p>[\/vc_column_text][\/vc_column][vc_column width=&#8220;3\/4&#8243;][vc_column_text]<\/p>\n<p style=\"text-align: left;\">Es finden keine Gruppentreffen statt &#8211; zun\u00e4chst wegen Erk\u00e4ltungskrankheiten und dann wegen der Corona-Pandemie.<\/p>\n<p>[\/vc_column_text][\/vc_column][\/vc_row][vc_row][vc_column width=&#8220;1\/4&#8243;][vc_column_text]<\/p>\n<p style=\"text-align: right;\">12. Dezember 2019<\/p>\n<p>[\/vc_column_text][\/vc_column][vc_column width=&#8220;3\/4&#8243;][vc_column_text]<\/p>\n<p style=\"text-align: left;\">Aufnahme von Heidi in das Organisations-Team<\/p>\n<p>[\/vc_column_text][vc_single_image image=&#8220;1484&#8243; img_size=&#8220;450&#215;300&#8243; style=&#8220;vc_box_shadow_3d&#8220;][\/vc_column][\/vc_row][vc_row][vc_column width=&#8220;1\/4&#8243;][vc_column_text]<\/p>\n<p style=\"text-align: right;\">29. September 2019<\/p>\n<p>[\/vc_column_text][\/vc_column][vc_column width=&#8220;3\/4&#8243;][vc_column_text]<\/p>\n<p style=\"text-align: left;\">Tag der offenen T\u00fcr: <span style=\"color: #00ad8a; font-family: Annie use your telescope; font-size: 18px;\"><strong>mamma CAMPY<\/strong><\/span>\u00a0 feiert einj\u00e4hriges <span style=\"font-size: 16px; font-style: normal; font-weight: 400;\">Jubil\u00e4um.<\/span><\/p>\n<p>[\/vc_column_text][vc_single_image image=&#8220;928&#8243; img_size=&#8220;420&#215;600&#8243; style=&#8220;vc_box_shadow_border&#8220;][\/vc_column][\/vc_row][vc_row][vc_column width=&#8220;1\/4&#8243;][vc_column_text]<\/p>\n<p style=\"text-align: right;\">30. M\u00e4rz 2019<\/p>\n<p>[\/vc_column_text][\/vc_column][vc_column width=&#8220;3\/4&#8243;][vc_column_text]<\/p>\n<p style=\"text-align: left;\">Unser Team-Mitglied Anja verl\u00e4sst uns leider.<\/p>\n<p>[\/vc_column_text][vc_single_image image=&#8220;477&#8243; img_size=&#8220;medium&#8220; style=&#8220;vc_box_shadow_border_circle&#8220;][\/vc_column][\/vc_row][vc_row][vc_column width=&#8220;1\/4&#8243;][vc_column_text]<\/p>\n<p style=\"text-align: right;\">30. Januar 2019<\/p>\n<p>[\/vc_column_text][\/vc_column][vc_column width=&#8220;3\/4&#8243;][vc_column_text]<\/p>\n<p style=\"text-align: left;\">Unser F\u00f6rderverein ist eingetragen und hei\u00dft:<\/p>\n<h4><a href=\"https:\/\/www.brustkrebs-selbsthilfe-mc.de\/index.php\/foerderverein\/\"><strong><span style=\"color: #00ad8a;\">mamma CAMPY Brustkrebs-Selbsthilfegruppe N\u00fcmbrecht e.V.<\/span><\/strong><\/a><\/h4>\n<p>[\/vc_column_text][\/vc_column][\/vc_row][vc_row][vc_column width=&#8220;1\/4&#8243;][vc_column_text]<\/p>\n<p style=\"text-align: right;\">27. Oktober 2018<\/p>\n<p>[\/vc_column_text][\/vc_column][vc_column width=&#8220;3\/4&#8243;][vc_column_text]<\/p>\n<p style=\"text-align: left;\">Gr\u00fcndungstreffen des F\u00f6rdervereins<\/p>\n<p>[\/vc_column_text][vc_single_image image=&#8220;2760&#8243; img_size=&#8220;medium&#8220;][\/vc_column][\/vc_row][vc_row][vc_column width=&#8220;1\/4&#8243;][vc_column_text]<\/p>\n<p style=\"text-align: right;\">1. Oktober 2018<\/p>\n<p>[\/vc_column_text][\/vc_column][vc_column width=&#8220;3\/4&#8243;][vc_column_text]<\/p>\n<p style=\"text-align: left;\">Er\u00f6ffnungstreffen<\/p>\n<p>[\/vc_column_text][\/vc_column][\/vc_row][vc_row][vc_column width=&#8220;1\/4&#8243;][vc_column_text]<\/p>\n<p style=\"text-align: right;\">26. Juli 2018<\/p>\n<p>[\/vc_column_text][\/vc_column][vc_column width=&#8220;3\/4&#8243;][vc_column_text]<\/p>\n<p style=\"text-align: left;\">Gr\u00fcndung unserer Selbsthilfegruppe<\/p>\n<p>[\/vc_column_text][vc_single_image image=&#8220;604&#8243; img_size=&#8220;555&#215;330&#8243; add_caption=&#8220;yes&#8220; style=&#8220;vc_box_shadow_3d&#8220;][vc_column_text]mit dem Team:<\/p>\n<p style=\"padding-left: 150px;\"><span style=\"color: #cc00ff;\"><strong>C<\/strong><\/span><span style=\"color: #333333;\">hris &#8211;\u00a0<\/span><span style=\"font-size: 16px; font-style: normal; font-weight: normal; color: #ff6600;\"><strong style=\"font-size: 16px;\">A<\/strong><\/span><span style=\"font-size: 16px; color: #333333;\">nja &#8211;\u00a0<\/span><strong style=\"font-size: 16px; font-style: normal; color: #ffcc00;\">M<\/strong><span style=\"color: #333333;\">arianne &#8211;\u00a0<\/span><span style=\"color: #ff3399;\"><strong style=\"font-size: 16px;\">P<\/strong><\/span><span style=\"font-size: 16px; color: #ff3399;\"><span style=\"color: #333333;\">egg<\/span><\/span><strong style=\"font-size: 16px; font-style: normal;\"><span style=\"font-size: 16px; color: #ff3399;\"><span style=\"font-size: 16px; color: #00cc99;\">Y<\/span><\/span><\/strong><\/p>\n<p>[\/vc_column_text][\/vc_column][\/vc_row][vc_row][vc_column][\/vc_column][\/vc_row]<\/p>\n<\/div>","protected":false},"excerpt":{"rendered":"<p>[vc_row][vc_column][vc_empty_space][\/vc_column][\/vc_row][vc_row][vc_column width=&#8220;1\/4&#8243;][vc_column_text] 15. Oktober 2023 [\/vc_column_text][\/vc_column][vc_column width=&#8220;3\/4&#8243;][vc_column_text] Tag der offenen T\u00fcr: mamma CAMPY\u00a0 feiert f\u00fcnfj\u00e4hriges Jubil\u00e4um. [\/vc_column_text][vc_single_image image=&#8220;3636&#8243; img_size=&#8220;420&#215;600&#8243; style=&#8220;vc_box_shadow_border&#8220; onclick=&#8220;custom_link&#8220; link=&#8220;https:\/\/www.brustkrebs-selbsthilfe-mc.de\/index.php\/jahresfeier5jubi\/&#8220;][\/vc_column][\/vc_row][vc_row][vc_column width=&#8220;1\/4&#8243;][vc_column_text] Juli 2022 [\/vc_column_text][\/vc_column][vc_column width=&#8220;3\/4&#8243;][vc_column_text] Unser Team-Mitglied Heidi verl\u00e4sst uns leider. [\/vc_column_text][vc_single_image image=&#8220;1490&#8243; img_size=&#8220;150&#215;200&#8243; style=&#8220;vc_box_shadow_border_circle&#8220;][\/vc_column][\/vc_row][vc_row][vc_column width=&#8220;1\/4&#8243;][vc_column_text] 7. M\u00e4rz 2022 [\/vc_column_text][\/vc_column][vc_column width=&#8220;3\/4&#8243;][vc_column_text]Erstes Selbsthilfegruppen-Treffen in Pr\u00e4senz im Jahr 2022.[\/vc_column_text][\/vc_column][\/vc_row][vc_row][vc_column width=&#8220;1\/4&#8243;][vc_column_text] 7. Februar 2022 [\/vc_column_text][\/vc_column][vc_column width=&#8220;3\/4&#8243;][vc_column_text]Die [&hellip;]<\/p>\n","protected":false},"author":3,"featured_media":0,"parent":0,"menu_order":0,"comment_status":"closed","ping_status":"closed","template":"","meta":{"site-sidebar-layout":"default","site-content-layout":"default","ast-site-content-layout":"default","site-content-style":"default","site-sidebar-style":"default","ast-global-header-display":"","ast-banner-title-visibility":"","ast-main-header-display":"","ast-hfb-above-header-display":"","ast-hfb-below-header-display":"","ast-hfb-mobile-header-display":"","site-post-title":"","ast-breadcrumbs-content":"","ast-featured-img":"","footer-sml-layout":"","ast-disable-related-posts":"","theme-transparent-header-meta":"default","adv-header-id-meta":"","stick-header-meta":"","header-above-stick-meta":"","header-main-stick-meta":"","header-below-stick-meta":"","astra-migrate-meta-layouts":"default","ast-page-background-enabled":"default","ast-page-background-meta":{"desktop":{"background-color":"","background-image":"","background-repeat":"repeat","background-position":"center center","background-size":"auto","background-attachment":"scroll","background-type":"","background-media":"","overlay-type":"","overlay-color":"","overlay-opacity":"","overlay-gradient":""},"tablet":{"background-color":"","background-image":"","background-repeat":"repeat","background-position":"center center","background-size":"auto","background-attachment":"scroll","background-type":"","background-media":"","overlay-type":"","overlay-color":"","overlay-opacity":"","overlay-gradient":""},"mobile":{"background-color":"","background-image":"","background-repeat":"repeat","background-position":"center center","background-size":"auto","background-attachment":"scroll","background-type":"","background-media":"","overlay-type":"","overlay-color":"","overlay-opacity":"","overlay-gradient":""}},"ast-content-background-meta":{"desktop":{"background-color":"var(--ast-global-color-5)","background-image":"","background-repeat":"repeat","background-position":"center center","background-size":"auto","background-attachment":"scroll","background-type":"","background-media":"","overlay-type":"","overlay-color":"","overlay-opacity":"","overlay-gradient":""},"tablet":{"background-color":"var(--ast-global-color-5)","background-image":"","background-repeat":"repeat","background-position":"center center","background-size":"auto","background-attachment":"scroll","background-type":"","background-media":"","overlay-type":"","overlay-color":"","overlay-opacity":"","overlay-gradient":""},"mobile":{"background-color":"var(--ast-global-color-5)","background-image":"","background-repeat":"repeat","background-position":"center center","background-size":"auto","background-attachment":"scroll","background-type":"","background-media":"","overlay-type":"","overlay-color":"","overlay-opacity":"","overlay-gradient":""}},"footnotes":""},"class_list":["post-636","page","type-page","status-publish","hentry"],"aioseo_notices":[],"_links":{"self":[{"href":"https:\/\/www.brustkrebs-selbsthilfe-mc.de\/index.php\/wp-json\/wp\/v2\/pages\/636","targetHints":{"allow":["GET"]}}],"collection":[{"href":"https:\/\/www.brustkrebs-selbsthilfe-mc.de\/index.php\/wp-json\/wp\/v2\/pages"}],"about":[{"href":"https:\/\/www.brustkrebs-selbsthilfe-mc.de\/index.php\/wp-json\/wp\/v2\/types\/page"}],"author":[{"embeddable":true,"href":"https:\/\/www.brustkrebs-selbsthilfe-mc.de\/index.php\/wp-json\/wp\/v2\/users\/3"}],"replies":[{"embeddable":true,"href":"https:\/\/www.brustkrebs-selbsthilfe-mc.de\/index.php\/wp-json\/wp\/v2\/comments?post=636"}],"version-history":[{"count":69,"href":"https:\/\/www.brustkrebs-selbsthilfe-mc.de\/index.php\/wp-json\/wp\/v2\/pages\/636\/revisions"}],"predecessor-version":[{"id":3919,"href":"https:\/\/www.brustkrebs-selbsthilfe-mc.de\/index.php\/wp-json\/wp\/v2\/pages\/636\/revisions\/3919"}],"wp:attachment":[{"href":"https:\/\/www.brustkrebs-selbsthilfe-mc.de\/index.php\/wp-json\/wp\/v2\/media?parent=636"}],"curies":[{"name":"wp","href":"https:\/\/api.w.org\/{rel}","templated":true}]}}