{"id":6263,"date":"2025-12-14T15:22:44","date_gmt":"2025-12-14T14:22:44","guid":{"rendered":"https:\/\/www.brustkrebs-selbsthilfe-mc.de\/?page_id=6263"},"modified":"2025-12-30T16:49:50","modified_gmt":"2025-12-30T15:49:50","slug":"januar","status":"publish","type":"page","link":"https:\/\/www.brustkrebs-selbsthilfe-mc.de\/index.php\/januar\/","title":{"rendered":"12. Januar"},"content":{"rendered":"<h1><strong><span style=\"color: #00ccff;\">Unser erstes Gruppentreffen im Jahr 2026<\/span><\/strong><br \/>\n<strong><span style=\"color: #00ccff;\">findet am 12. Januar statt<\/span><\/strong><\/h1>\n<p>&nbsp;<\/p>\n<p><img loading=\"lazy\" decoding=\"async\" class=\"alignleft size-full wp-image-6264\" src=\"https:\/\/www.brustkrebs-selbsthilfe-mc.de\/wp-content\/uploads\/2025\/12\/Download.jpg\" alt=\"\" width=\"225\" height=\"208\" srcset=\"https:\/\/www.brustkrebs-selbsthilfe-mc.de\/wp-content\/uploads\/2025\/12\/Download.jpg 225w, https:\/\/www.brustkrebs-selbsthilfe-mc.de\/wp-content\/uploads\/2025\/12\/Download-150x139.jpg 150w\" sizes=\"auto, (max-width: 225px) 100vw, 225px\" \/> Das vergangene Jahr war wieder f\u00fcr unsere Selbsthilfegruppe ein besonders sch\u00f6nes und lebendiges Jahr mit vielen abwechslungsreichen und interessanten Gruppentreffen. Neben unseren regelm\u00e4\u00dfigen Treffen haben wir uns erstmals auch au\u00dferhalb der Gruppe zu besonderen Aktivit\u00e4ten getroffen:<br \/>\nIm Fr\u00fchjahr fand ein ganzt\u00e4tiger Erfahrungsaustausch statt, au\u00dferdem haben wir einen gemeinsamen Ausflug nach Monschau zum Thema \u201eGesunde Ern\u00e4hrung bei Krebs\u201c unternommen.<\/p>\n<p>&nbsp;<\/p>\n<p>&nbsp;<\/p>\n<p>&nbsp;<\/p>\n<p>&nbsp;<\/p>\n<p>Auch f\u00fcr dieses Jahr sind wieder viele sch\u00f6ne und bereichernde Treffen geplant.\u00a0 \u00a0 \u00a0 \u00a0 \u00a0 <img loading=\"lazy\" decoding=\"async\" class=\"size-medium wp-image-6265 alignright\" src=\"https:\/\/www.brustkrebs-selbsthilfe-mc.de\/wp-content\/uploads\/2025\/12\/winternarzissen_23-2151944910-300x205.jpg\" alt=\"\" width=\"300\" height=\"205\" srcset=\"https:\/\/www.brustkrebs-selbsthilfe-mc.de\/wp-content\/uploads\/2025\/12\/winternarzissen_23-2151944910-300x205.jpg 300w, https:\/\/www.brustkrebs-selbsthilfe-mc.de\/wp-content\/uploads\/2025\/12\/winternarzissen_23-2151944910-150x103.jpg 150w, https:\/\/www.brustkrebs-selbsthilfe-mc.de\/wp-content\/uploads\/2025\/12\/winternarzissen_23-2151944910.avif 740w\" sizes=\"auto, (max-width: 300px) 100vw, 300px\" \/><br \/>\nWir, das Orga \u2013 Team, freuen uns sehr auf ein gemeinsames, positives neues Jahr 2026 mit euch.<\/p>\n<p>&nbsp;<\/p>\n<p>&nbsp;<\/p>\n<p>&nbsp;<\/p>\n<p>&nbsp;<\/p>\n<p>&nbsp;<\/p>\n<p>&nbsp;<\/p>\n<p><img loading=\"lazy\" decoding=\"async\" class=\"alignleft size-medium wp-image-6266\" src=\"https:\/\/www.brustkrebs-selbsthilfe-mc.de\/wp-content\/uploads\/2025\/12\/lebensweisheit-fur-den-januar-jeder-neuanfang-ist-ein-geschenk-300x300.webp\" alt=\"\" width=\"300\" height=\"300\" srcset=\"https:\/\/www.brustkrebs-selbsthilfe-mc.de\/wp-content\/uploads\/2025\/12\/lebensweisheit-fur-den-januar-jeder-neuanfang-ist-ein-geschenk-300x300.webp 300w, https:\/\/www.brustkrebs-selbsthilfe-mc.de\/wp-content\/uploads\/2025\/12\/lebensweisheit-fur-den-januar-jeder-neuanfang-ist-ein-geschenk-1024x1024.webp 1024w, https:\/\/www.brustkrebs-selbsthilfe-mc.de\/wp-content\/uploads\/2025\/12\/lebensweisheit-fur-den-januar-jeder-neuanfang-ist-ein-geschenk-150x150.webp 150w, https:\/\/www.brustkrebs-selbsthilfe-mc.de\/wp-content\/uploads\/2025\/12\/lebensweisheit-fur-den-januar-jeder-neuanfang-ist-ein-geschenk-768x768.webp 768w, https:\/\/www.brustkrebs-selbsthilfe-mc.de\/wp-content\/uploads\/2025\/12\/lebensweisheit-fur-den-januar-jeder-neuanfang-ist-ein-geschenk.webp 1200w\" sizes=\"auto, (max-width: 300px) 100vw, 300px\" \/><\/p>\n<p>Im Januar starten wir in ruhiger Atmosph\u00e4re mit einer Gespr\u00e4chsrunde bei Tee. Dabei blicken wir gemeinsam auf das vergangene Jahr zur\u00fcck und stimmen uns in aller Ruhe auf das neue Jahr ein.<br \/>\nWir freuen uns \u00fcber jede Teilnehmerin und hei\u00dfen neue Interessierte herzlich in unserer Gruppe willkommen.<\/p>\n<p>&nbsp;<\/p>\n<p>&nbsp;<\/p>\n<p>&nbsp;<\/p>\n<p>&nbsp;<\/p>\n<p>&nbsp;<\/p>\n<p>&nbsp;<\/p>\n<p>&nbsp;<\/p>\n<div class=\"wpb_text_column wpb_content_element \">\n<div class=\"wpb_wrapper\">\n<h1>Zahlreiche Interessenten sind herzlich Willkommen.<\/h1>\n<\/div>\n<\/div>\n<div class=\"wpb_text_column wpb_content_element \">\n<div class=\"wpb_wrapper\">\n<p>Kontakt unter: Telefon 0170-289 02 97<br \/>\nE-Mail\u00a0<a href=\"mailto:mamma.campy@gmail.com\">mamma.campy@gmail.com<\/a><\/p>\n<\/div>\n<\/div>\n","protected":false},"excerpt":{"rendered":"<p>Unser erstes Gruppentreffen im Jahr 2026 findet am 12. Januar statt &nbsp; Das vergangene Jahr war wieder f\u00fcr unsere Selbsthilfegruppe ein besonders sch\u00f6nes und lebendiges Jahr mit vielen abwechslungsreichen und interessanten Gruppentreffen. Neben unseren regelm\u00e4\u00dfigen Treffen haben wir uns erstmals auch au\u00dferhalb der Gruppe zu besonderen Aktivit\u00e4ten getroffen: Im Fr\u00fchjahr fand ein ganzt\u00e4tiger Erfahrungsaustausch statt, [&hellip;]<\/p>\n","protected":false},"author":3,"featured_media":0,"parent":0,"menu_order":0,"comment_status":"closed","ping_status":"closed","template":"","meta":{"site-sidebar-layout":"default","site-content-layout":"","ast-site-content-layout":"default","site-content-style":"default","site-sidebar-style":"default","ast-global-header-display":"","ast-banner-title-visibility":"","ast-main-header-display":"","ast-hfb-above-header-display":"","ast-hfb-below-header-display":"","ast-hfb-mobile-header-display":"","site-post-title":"","ast-breadcrumbs-content":"","ast-featured-img":"","footer-sml-layout":"","ast-disable-related-posts":"","theme-transparent-header-meta":"default","adv-header-id-meta":"","stick-header-meta":"","header-above-stick-meta":"","header-main-stick-meta":"","header-below-stick-meta":"","astra-migrate-meta-layouts":"set","ast-page-background-enabled":"default","ast-page-background-meta":{"desktop":{"background-color":"","background-image":"","background-repeat":"repeat","background-position":"center center","background-size":"auto","background-attachment":"scroll","background-type":"","background-media":"","overlay-type":"","overlay-color":"","overlay-opacity":"","overlay-gradient":""},"tablet":{"background-color":"","background-image":"","background-repeat":"repeat","background-position":"center center","background-size":"auto","background-attachment":"scroll","background-type":"","background-media":"","overlay-type":"","overlay-color":"","overlay-opacity":"","overlay-gradient":""},"mobile":{"background-color":"","background-image":"","background-repeat":"repeat","background-position":"center center","background-size":"auto","background-attachment":"scroll","background-type":"","background-media":"","overlay-type":"","overlay-color":"","overlay-opacity":"","overlay-gradient":""}},"ast-content-background-meta":{"desktop":{"background-color":"var(--ast-global-color-5)","background-image":"","background-repeat":"repeat","background-position":"center center","background-size":"auto","background-attachment":"scroll","background-type":"","background-media":"","overlay-type":"","overlay-color":"","overlay-opacity":"","overlay-gradient":""},"tablet":{"background-color":"var(--ast-global-color-5)","background-image":"","background-repeat":"repeat","background-position":"center center","background-size":"auto","background-attachment":"scroll","background-type":"","background-media":"","overlay-type":"","overlay-color":"","overlay-opacity":"","overlay-gradient":""},"mobile":{"background-color":"var(--ast-global-color-5)","background-image":"","background-repeat":"repeat","background-position":"center center","background-size":"auto","background-attachment":"scroll","background-type":"","background-media":"","overlay-type":"","overlay-color":"","overlay-opacity":"","overlay-gradient":""}},"footnotes":""},"class_list":["post-6263","page","type-page","status-publish","hentry"],"aioseo_notices":[],"_links":{"self":[{"href":"https:\/\/www.brustkrebs-selbsthilfe-mc.de\/index.php\/wp-json\/wp\/v2\/pages\/6263","targetHints":{"allow":["GET"]}}],"collection":[{"href":"https:\/\/www.brustkrebs-selbsthilfe-mc.de\/index.php\/wp-json\/wp\/v2\/pages"}],"about":[{"href":"https:\/\/www.brustkrebs-selbsthilfe-mc.de\/index.php\/wp-json\/wp\/v2\/types\/page"}],"author":[{"embeddable":true,"href":"https:\/\/www.brustkrebs-selbsthilfe-mc.de\/index.php\/wp-json\/wp\/v2\/users\/3"}],"replies":[{"embeddable":true,"href":"https:\/\/www.brustkrebs-selbsthilfe-mc.de\/index.php\/wp-json\/wp\/v2\/comments?post=6263"}],"version-history":[{"count":6,"href":"https:\/\/www.brustkrebs-selbsthilfe-mc.de\/index.php\/wp-json\/wp\/v2\/pages\/6263\/revisions"}],"predecessor-version":[{"id":6330,"href":"https:\/\/www.brustkrebs-selbsthilfe-mc.de\/index.php\/wp-json\/wp\/v2\/pages\/6263\/revisions\/6330"}],"wp:attachment":[{"href":"https:\/\/www.brustkrebs-selbsthilfe-mc.de\/index.php\/wp-json\/wp\/v2\/media?parent=6263"}],"curies":[{"name":"wp","href":"https:\/\/api.w.org\/{rel}","templated":true}]}}