{"id":4834,"date":"2025-01-26T17:34:16","date_gmt":"2025-01-26T16:34:16","guid":{"rendered":"https:\/\/www.brustkrebs-selbsthilfe-mc.de\/?page_id=4834"},"modified":"2025-06-05T18:52:17","modified_gmt":"2025-06-05T16:52:17","slug":"04-august-2025","status":"publish","type":"page","link":"https:\/\/www.brustkrebs-selbsthilfe-mc.de\/index.php\/04-august-2025\/","title":{"rendered":"04. August 2025"},"content":{"rendered":"<h3 style=\"text-align: center;\"><strong><span style=\"color: #ffcc00;\">Pilates mit Tanzp\u00e4dagogin Hiltrud Gr\u00fcbling<\/span><\/strong><\/h3>\n<p>&nbsp;<\/p>\n<p><strong>Frau Hiltrud Gr\u00fcbling ist<\/strong><\/p>\n<p>\uf0d8<em> <strong>Pilates-Lehrende<\/strong><\/em> f\u00fcr Matwork und Studioger\u00e4te (DPV).<\/p>\n<p>\uf0d8 <strong>Tanzp\u00e4dagogin (TI)<\/strong> f\u00fcr den Elementar-, Primar- und Sekundarbereich und in der Erwachsenenbildung mit der Zusatzqualifikation PLUS INKLUSION (Institut f\u00fcr Tanzp\u00e4dagogik, K\u00f6ln).<br \/>\n\uf0d8 <strong>Referentin<\/strong> zum Themenschwerpunkt Tanzen bewegt &#8211; Die F\u00f6rderung k\u00f6rperlich- geistig behinderter Menschen durch Bewegung und Tanz<br \/>\n\uf0d8 <strong>Projektleitung\/ K\u00fcnstlerische Leitung<\/strong> des f\u00e4higkeitsgemischten, inklusiven Tanztheater- Ensembles &#8211; Die ARTsider<br \/>\n\uf0d8 <strong>Staatlich examinierte Krankenschwester<\/strong> mit gerontologischer und geriatrischer Erfahrung<br \/>\n\uf0d8 <strong>Wundexpertin<\/strong><\/p>\n<h3 style=\"text-align: center;\"><strong><span style=\"color: #ffcc00;\">&#8222;Jeder Moment Deines Lebens kann der Beginn einer gro\u00dfen Sache werden.&#8220; &#8211; Joseph Pilates<\/span><\/strong><\/h3>\n<p>&nbsp;<\/p>\n<p>Die Pilates- Methode vereint als effektives Trainingskonzept Kraft, Beweglichkeit und geschmeidige Eleganz mit gleichzeitig muskul\u00e4r- mentaler Entspannung.<br \/>\nDie gezielte Kr\u00e4ftigung und Dehnung ganzer Muskelketten formt einen straffen, elastischen und sch\u00f6nen K\u00f6rper. Alle Bewegungen gehen von einer starken K\u00f6rpermitte aus, mobilisieren den gesamten Bewegungsapparat und lassen den R\u00fccken stark und geschmeidig werden.<br \/>\nIm zeitgen\u00f6ssischen Pilates Training verbinden sich die klassischen \u00dcbungen nach Joseph Pilates mit aktuellen Erkenntnissen aus Wissenschaft und Bewegungslehre.<br \/>\nDiese abwechslungsreiche, aktivierende Ganzk\u00f6rper- Trainingsmethode l\u00e4sst sich allen Leistungsstufen anpassen<\/p>\n<figure id=\"attachment_4835\" aria-describedby=\"caption-attachment-4835\" style=\"width: 300px\" class=\"wp-caption alignleft\"><img loading=\"lazy\" decoding=\"async\" class=\"size-medium wp-image-4835\" src=\"https:\/\/www.brustkrebs-selbsthilfe-mc.de\/wp-content\/uploads\/2025\/01\/Aug-2-300x187.jpg\" alt=\"\" width=\"300\" height=\"187\" srcset=\"https:\/\/www.brustkrebs-selbsthilfe-mc.de\/wp-content\/uploads\/2025\/01\/Aug-2-300x187.jpg 300w, https:\/\/www.brustkrebs-selbsthilfe-mc.de\/wp-content\/uploads\/2025\/01\/Aug-2-150x94.jpg 150w, https:\/\/www.brustkrebs-selbsthilfe-mc.de\/wp-content\/uploads\/2025\/01\/Aug-2.jpg 612w\" sizes=\"auto, (max-width: 300px) 100vw, 300px\" \/><figcaption id=\"caption-attachment-4835\" class=\"wp-caption-text\">set of eight silhouettes of different pilates postures<\/figcaption><\/figure>\n<p>&nbsp;<\/p>\n<p>&nbsp;<\/p>\n<p>&nbsp;<\/p>\n<p>&nbsp;<\/p>\n<p>&nbsp;<\/p>\n<p>&nbsp;<\/p>\n<p>Mitzubringen sind:<br \/>\n\uf0d8 Bequeme Kleidung,<br \/>\n\uf0d8 Turnschuhe oder Stoppersocken<br \/>\n\uf0d8 Isomatte und gute Laune!!!<\/p>\n<p>&nbsp;<\/p>\n<div class=\"wpb_text_column wpb_content_element \">\n<div class=\"wpb_wrapper\">\n<h1>Zahlreiche Interessenten sind herzlich Willkommen.<\/h1>\n<\/div>\n<\/div>\n<div class=\"wpb_text_column wpb_content_element \">\n<div class=\"wpb_wrapper\">\n<p>Kontakt unter: Telefon 0170-289 02 97<br \/>\nE-Mail\u00a0<a href=\"mailto:mamma.campy@gmail.com\">mamma.campy@gmail.com<\/a><\/p>\n<\/div>\n<\/div>\n","protected":false},"excerpt":{"rendered":"<p>Pilates mit Tanzp\u00e4dagogin Hiltrud Gr\u00fcbling &nbsp; Frau Hiltrud Gr\u00fcbling ist \uf0d8 Pilates-Lehrende f\u00fcr Matwork und Studioger\u00e4te (DPV). \uf0d8 Tanzp\u00e4dagogin (TI) f\u00fcr den Elementar-, Primar- und Sekundarbereich und in der Erwachsenenbildung mit der Zusatzqualifikation PLUS INKLUSION (Institut f\u00fcr Tanzp\u00e4dagogik, K\u00f6ln). \uf0d8 Referentin zum Themenschwerpunkt Tanzen bewegt &#8211; Die F\u00f6rderung k\u00f6rperlich- geistig behinderter Menschen durch Bewegung und [&hellip;]<\/p>\n","protected":false},"author":3,"featured_media":0,"parent":0,"menu_order":0,"comment_status":"closed","ping_status":"closed","template":"","meta":{"site-sidebar-layout":"default","site-content-layout":"","ast-site-content-layout":"default","site-content-style":"default","site-sidebar-style":"default","ast-global-header-display":"","ast-banner-title-visibility":"","ast-main-header-display":"","ast-hfb-above-header-display":"","ast-hfb-below-header-display":"","ast-hfb-mobile-header-display":"","site-post-title":"","ast-breadcrumbs-content":"","ast-featured-img":"","footer-sml-layout":"","ast-disable-related-posts":"","theme-transparent-header-meta":"default","adv-header-id-meta":"","stick-header-meta":"","header-above-stick-meta":"","header-main-stick-meta":"","header-below-stick-meta":"","astra-migrate-meta-layouts":"set","ast-page-background-enabled":"default","ast-page-background-meta":{"desktop":{"background-color":"","background-image":"","background-repeat":"repeat","background-position":"center center","background-size":"auto","background-attachment":"scroll","background-type":"","background-media":"","overlay-type":"","overlay-color":"","overlay-opacity":"","overlay-gradient":""},"tablet":{"background-color":"","background-image":"","background-repeat":"repeat","background-position":"center center","background-size":"auto","background-attachment":"scroll","background-type":"","background-media":"","overlay-type":"","overlay-color":"","overlay-opacity":"","overlay-gradient":""},"mobile":{"background-color":"","background-image":"","background-repeat":"repeat","background-position":"center center","background-size":"auto","background-attachment":"scroll","background-type":"","background-media":"","overlay-type":"","overlay-color":"","overlay-opacity":"","overlay-gradient":""}},"ast-content-background-meta":{"desktop":{"background-color":"var(--ast-global-color-5)","background-image":"","background-repeat":"repeat","background-position":"center center","background-size":"auto","background-attachment":"scroll","background-type":"","background-media":"","overlay-type":"","overlay-color":"","overlay-opacity":"","overlay-gradient":""},"tablet":{"background-color":"var(--ast-global-color-5)","background-image":"","background-repeat":"repeat","background-position":"center center","background-size":"auto","background-attachment":"scroll","background-type":"","background-media":"","overlay-type":"","overlay-color":"","overlay-opacity":"","overlay-gradient":""},"mobile":{"background-color":"var(--ast-global-color-5)","background-image":"","background-repeat":"repeat","background-position":"center center","background-size":"auto","background-attachment":"scroll","background-type":"","background-media":"","overlay-type":"","overlay-color":"","overlay-opacity":"","overlay-gradient":""}},"footnotes":""},"class_list":["post-4834","page","type-page","status-publish","hentry"],"aioseo_notices":[],"_links":{"self":[{"href":"https:\/\/www.brustkrebs-selbsthilfe-mc.de\/index.php\/wp-json\/wp\/v2\/pages\/4834","targetHints":{"allow":["GET"]}}],"collection":[{"href":"https:\/\/www.brustkrebs-selbsthilfe-mc.de\/index.php\/wp-json\/wp\/v2\/pages"}],"about":[{"href":"https:\/\/www.brustkrebs-selbsthilfe-mc.de\/index.php\/wp-json\/wp\/v2\/types\/page"}],"author":[{"embeddable":true,"href":"https:\/\/www.brustkrebs-selbsthilfe-mc.de\/index.php\/wp-json\/wp\/v2\/users\/3"}],"replies":[{"embeddable":true,"href":"https:\/\/www.brustkrebs-selbsthilfe-mc.de\/index.php\/wp-json\/wp\/v2\/comments?post=4834"}],"version-history":[{"count":8,"href":"https:\/\/www.brustkrebs-selbsthilfe-mc.de\/index.php\/wp-json\/wp\/v2\/pages\/4834\/revisions"}],"predecessor-version":[{"id":5403,"href":"https:\/\/www.brustkrebs-selbsthilfe-mc.de\/index.php\/wp-json\/wp\/v2\/pages\/4834\/revisions\/5403"}],"wp:attachment":[{"href":"https:\/\/www.brustkrebs-selbsthilfe-mc.de\/index.php\/wp-json\/wp\/v2\/media?parent=4834"}],"curies":[{"name":"wp","href":"https:\/\/api.w.org\/{rel}","templated":true}]}}

<h3 style="text-align: center;"><strong><span style="color: #ffcc00;">Pilates mit Tanzpädagogin Hiltrud Grübling</span></strong></h3>
<p>&nbsp;</p>
<p><strong>Frau Hiltrud Grübling ist</strong></p>
<p><em> <strong>Pilates-Lehrende</strong></em> für Matwork und Studiogeräte (DPV).</p>
<p> <strong>Tanzpädagogin (TI)</strong> für den Elementar-, Primar- und Sekundarbereich und in der Erwachsenenbildung mit der Zusatzqualifikation PLUS INKLUSION (Institut für Tanzpädagogik, Köln).<br />
 <strong>Referentin</strong> zum Themenschwerpunkt Tanzen bewegt &#8211; Die Förderung körperlich- geistig behinderter Menschen durch Bewegung und Tanz<br />
 <strong>Projektleitung/ Künstlerische Leitung</strong> des fähigkeitsgemischten, inklusiven Tanztheater- Ensembles &#8211; Die ARTsider<br />
 <strong>Staatlich examinierte Krankenschwester</strong> mit gerontologischer und geriatrischer Erfahrung<br />
 <strong>Wundexpertin</strong></p>
<h3 style="text-align: center;"><strong><span style="color: #ffcc00;">&#8222;Jeder Moment Deines Lebens kann der Beginn einer großen Sache werden.&#8220; &#8211; Joseph Pilates</span></strong></h3>
<p>&nbsp;</p>
<p>Die Pilates- Methode vereint als effektives Trainingskonzept Kraft, Beweglichkeit und geschmeidige Eleganz mit gleichzeitig muskulär- mentaler Entspannung.<br />
Die gezielte Kräftigung und Dehnung ganzer Muskelketten formt einen straffen, elastischen und schönen Körper. Alle Bewegungen gehen von einer starken Körpermitte aus, mobilisieren den gesamten Bewegungsapparat und lassen den Rücken stark und geschmeidig werden.<br />
Im zeitgenössischen Pilates Training verbinden sich die klassischen Übungen nach Joseph Pilates mit aktuellen Erkenntnissen aus Wissenschaft und Bewegungslehre.<br />
Diese abwechslungsreiche, aktivierende Ganzkörper- Trainingsmethode lässt sich allen Leistungsstufen anpassen</p>
<figure id="attachment_4835" aria-describedby="caption-attachment-4835" style="width: 300px" class="wp-caption alignleft"><img loading="lazy" decoding="async" class="size-medium wp-image-4835" src="https://www.brustkrebs-selbsthilfe-mc.de/wp-content/uploads/2025/01/Aug-2-300x187.jpg" alt="" width="300" height="187" srcset="https://www.brustkrebs-selbsthilfe-mc.de/wp-content/uploads/2025/01/Aug-2-300x187.jpg 300w, https://www.brustkrebs-selbsthilfe-mc.de/wp-content/uploads/2025/01/Aug-2-150x94.jpg 150w, https://www.brustkrebs-selbsthilfe-mc.de/wp-content/uploads/2025/01/Aug-2.jpg 612w" sizes="auto, (max-width: 300px) 100vw, 300px" /><figcaption id="caption-attachment-4835" class="wp-caption-text">set of eight silhouettes of different pilates postures</figcaption></figure>
<p>&nbsp;</p>
<p>&nbsp;</p>
<p>&nbsp;</p>
<p>&nbsp;</p>
<p>&nbsp;</p>
<p>&nbsp;</p>
<p>Mitzubringen sind:<br />
 Bequeme Kleidung,<br />
 Turnschuhe oder Stoppersocken<br />
 Isomatte und gute Laune!!!</p>
<p>&nbsp;</p>
<div class="wpb_text_column wpb_content_element ">
<div class="wpb_wrapper">
<h1>Zahlreiche Interessenten sind herzlich Willkommen.</h1>
</div>
</div>
<div class="wpb_text_column wpb_content_element ">
<div class="wpb_wrapper">
<p>Kontakt unter: Telefon 0170-289 02 97<br />
E-Mail <a href="mailto:mamma.campy@gmail.com">mamma.campy@gmail.com</a></p>
</div>
</div>

<p>Pilates mit Tanzpädagogin Hiltrud Grübling &nbsp; Frau Hiltrud Grübling ist  Pilates-Lehrende für Matwork und Studiogeräte (DPV).  Tanzpädagogin (TI) für den Elementar-, Primar- und Sekundarbereich und in der Erwachsenenbildung mit der Zusatzqualifikation PLUS INKLUSION (Institut für Tanzpädagogik, Köln).  Referentin zum Themenschwerpunkt Tanzen bewegt &#8211; Die Förderung körperlich- geistig behinderter Menschen durch Bewegung und [&hellip;]</p>
