{"id":379,"date":"2019-02-25T20:22:19","date_gmt":"2019-02-25T19:22:19","guid":{"rendered":"https:\/\/www.brustkrebs-selbsthilfe-mc.de\/?page_id=379"},"modified":"2025-09-18T15:02:00","modified_gmt":"2025-09-18T13:02:00","slug":"foerderverein","status":"publish","type":"page","link":"https:\/\/www.brustkrebs-selbsthilfe-mc.de\/index.php\/foerderverein\/","title":{"rendered":"F\u00f6rderverein"},"content":{"rendered":"<div class=\"wpb-content-wrapper\"><p>[vc_row][vc_column][vc_empty_space height=&#8220;50&#8243;][vc_column_text]Wir beg\u00fc\u00dfen Sie sehr herzlich beim<\/p>\n<h3 style=\"padding-left: 40px;\"><span style=\"color: #00ad8a;\"><strong>F\u00f6rderverein mC f\u00fcr <\/strong><strong>Brustkrebshilfe <span style=\"color: #ff33ff;\"><em>e.V.<\/em><\/span><\/strong><\/span><\/h3>\n<p>&nbsp;<\/p>\n<p>Der Verein besteht seit Ende Januar 2019 .<\/p>\n<h4 style=\"padding-left: 40px;\"><span style=\"color: #c9346b;\"><strong>\u00dcber zahlreiche Mitglieder und Spenden zur Unterst\u00fctzung unserer Aktivit\u00e4ten f\u00fcr die Teilnehmer unserer Selbsthilfegruppe w\u00fcrden wir uns sehr freuen.<\/strong><\/span><\/h4>\n<p>[\/vc_column_text][vc_empty_space height=&#8220;32&#8243;][vc_column_text]Der <span style=\"color: #ff00ff;\"><strong><a style=\"color: #ff00ff;\" href=\"https:\/\/www.brustkrebs-selbsthilfe-mc.de\/index.php\/kontakt\/\">Kontakt<\/a><\/strong> <span style=\"color: #000000;\">zu uns<\/span><\/span>:<\/p>\n<p><strong>Telefon<\/strong>\u00a0 \u00a0 \u00a0 \u00a0 \u00a0 \u00a0 \u00a0 \u00a00170 \u2013 289 02 97<br \/>\n<strong>E-Mail<\/strong>\u00a0 \u00a0 \u00a0 \u00a0 \u00a0 \u00a0 \u00a0 \u00a0 \u00a0mamma.campy@gmail.com<\/p>\n<p>&nbsp;<\/p>\n<p><strong>Postadresse<br \/>\n<\/strong>FV mC f\u00fcr Brustkrebshilfe e.V.<br \/>\nPostfach 1122<br \/>\n51581 N\u00fcmbrecht[\/vc_column_text][vc_empty_space height=&#8220;100&#8243;][\/vc_column][\/vc_row][vc_row][vc_column width=&#8220;1\/3&#8243;][\/vc_column][vc_column width=&#8220;1\/3&#8243;][vc_btn title=&#8220;Unser Aufnahmeantrag&#8220; style=&#8220;gradient-custom&#8220; gradient_custom_color_1=&#8220;#e83588&#8243; gradient_custom_color_2=&#8220;#ff00d4&#8243; size=&#8220;lg&#8220; align=&#8220;center&#8220; i_icon_fontawesome=&#8220;fa fa-pencil&#8220; add_icon=&#8220;true&#8220; link=&#8220;url:https%3A%2F%2Fwww.brustkrebs-selbsthilfe-mc.de%2Fwp-content%2Fuploads%2F2022%2F10%2FAufnAntr22.pdf|||&#8220;][\/vc_column][vc_column width=&#8220;1\/3&#8243;][vc_btn title=&#8220;Unsere Satzung&#8220; style=&#8220;gradient-custom&#8220; gradient_custom_color_1=&#8220;#e83588&#8243; gradient_custom_color_2=&#8220;#ff00d4&#8243; size=&#8220;lg&#8220; align=&#8220;center&#8220; i_icon_fontawesome=&#8220;fa fa-list-ol&#8220; add_icon=&#8220;true&#8220; link=&#8220;url:https%3A%2F%2Fwww.brustkrebs-selbsthilfe-mc.de%2Fwp-content%2Fuploads%2F2023%2F01%2FSatzung22_2.pdf|||&#8220;][\/vc_column][\/vc_row][vc_row][vc_column][vc_empty_space height=&#8220;150&#8243;][\/vc_column][\/vc_row]<\/p>\n<\/div>","protected":false},"excerpt":{"rendered":"<p>[vc_row][vc_column][vc_empty_space height=&#8220;50&#8243;][vc_column_text]Wir beg\u00fc\u00dfen Sie sehr herzlich beim F\u00f6rderverein mC f\u00fcr Brustkrebshilfe e.V. &nbsp; Der Verein besteht seit Ende Januar 2019 . \u00dcber zahlreiche Mitglieder und Spenden zur Unterst\u00fctzung unserer Aktivit\u00e4ten f\u00fcr die Teilnehmer unserer Selbsthilfegruppe w\u00fcrden wir uns sehr freuen. [\/vc_column_text][vc_empty_space height=&#8220;32&#8243;][vc_column_text]Der Kontakt zu uns: Telefon\u00a0 \u00a0 \u00a0 \u00a0 \u00a0 \u00a0 \u00a0 \u00a00170 \u2013 289 [&hellip;]<\/p>\n","protected":false},"author":3,"featured_media":0,"parent":0,"menu_order":0,"comment_status":"closed","ping_status":"closed","template":"","meta":{"site-sidebar-layout":"default","site-content-layout":"default","ast-site-content-layout":"default","site-content-style":"default","site-sidebar-style":"default","ast-global-header-display":"","ast-banner-title-visibility":"","ast-main-header-display":"","ast-hfb-above-header-display":"","ast-hfb-below-header-display":"","ast-hfb-mobile-header-display":"","site-post-title":"","ast-breadcrumbs-content":"","ast-featured-img":"","footer-sml-layout":"","ast-disable-related-posts":"","theme-transparent-header-meta":"default","adv-header-id-meta":"","stick-header-meta":"","header-above-stick-meta":"","header-main-stick-meta":"","header-below-stick-meta":"","astra-migrate-meta-layouts":"set","ast-page-background-enabled":"default","ast-page-background-meta":{"desktop":{"background-color":"","background-image":"","background-repeat":"repeat","background-position":"center center","background-size":"auto","background-attachment":"scroll","background-type":"","background-media":"","overlay-type":"","overlay-color":"","overlay-opacity":"","overlay-gradient":""},"tablet":{"background-color":"","background-image":"","background-repeat":"repeat","background-position":"center center","background-size":"auto","background-attachment":"scroll","background-type":"","background-media":"","overlay-type":"","overlay-color":"","overlay-opacity":"","overlay-gradient":""},"mobile":{"background-color":"","background-image":"","background-repeat":"repeat","background-position":"center center","background-size":"auto","background-attachment":"scroll","background-type":"","background-media":"","overlay-type":"","overlay-color":"","overlay-opacity":"","overlay-gradient":""}},"ast-content-background-meta":{"desktop":{"background-color":"var(--ast-global-color-5)","background-image":"","background-repeat":"repeat","background-position":"center center","background-size":"auto","background-attachment":"scroll","background-type":"","background-media":"","overlay-type":"","overlay-color":"","overlay-opacity":"","overlay-gradient":""},"tablet":{"background-color":"var(--ast-global-color-5)","background-image":"","background-repeat":"repeat","background-position":"center center","background-size":"auto","background-attachment":"scroll","background-type":"","background-media":"","overlay-type":"","overlay-color":"","overlay-opacity":"","overlay-gradient":""},"mobile":{"background-color":"var(--ast-global-color-5)","background-image":"","background-repeat":"repeat","background-position":"center center","background-size":"auto","background-attachment":"scroll","background-type":"","background-media":"","overlay-type":"","overlay-color":"","overlay-opacity":"","overlay-gradient":""}},"footnotes":""},"class_list":["post-379","page","type-page","status-publish","hentry"],"aioseo_notices":[],"_links":{"self":[{"href":"https:\/\/www.brustkrebs-selbsthilfe-mc.de\/index.php\/wp-json\/wp\/v2\/pages\/379","targetHints":{"allow":["GET"]}}],"collection":[{"href":"https:\/\/www.brustkrebs-selbsthilfe-mc.de\/index.php\/wp-json\/wp\/v2\/pages"}],"about":[{"href":"https:\/\/www.brustkrebs-selbsthilfe-mc.de\/index.php\/wp-json\/wp\/v2\/types\/page"}],"author":[{"embeddable":true,"href":"https:\/\/www.brustkrebs-selbsthilfe-mc.de\/index.php\/wp-json\/wp\/v2\/users\/3"}],"replies":[{"embeddable":true,"href":"https:\/\/www.brustkrebs-selbsthilfe-mc.de\/index.php\/wp-json\/wp\/v2\/comments?post=379"}],"version-history":[{"count":45,"href":"https:\/\/www.brustkrebs-selbsthilfe-mc.de\/index.php\/wp-json\/wp\/v2\/pages\/379\/revisions"}],"predecessor-version":[{"id":6054,"href":"https:\/\/www.brustkrebs-selbsthilfe-mc.de\/index.php\/wp-json\/wp\/v2\/pages\/379\/revisions\/6054"}],"wp:attachment":[{"href":"https:\/\/www.brustkrebs-selbsthilfe-mc.de\/index.php\/wp-json\/wp\/v2\/media?parent=379"}],"curies":[{"name":"wp","href":"https:\/\/api.w.org\/{rel}","templated":true}]}}